7) + -1 + (2 - 1 - -5)?
10
Evaluate (12 - (3 + 6 + -1)) + 7.
11
What is (-7 + 12 - -17) + -4 + 2?
20
What is (-6 + -15 - (2 - 21)) + 1 + 6?
5
What is -8 - (0 + (-11 - -22) + 2 + -8)?
-13
What is the value of -23 - (-7 + (-10 - (-4 - 20)))?
-30
Evaluate -4 + (59 - 25 - 27).
3
What is the value of 10 + 7 + -13 + 4?
8
(-1 - 5) + (-3 - -5 - -1 - -3)
0
What is the value of -3 - (3 - ((-1 - 10) + 26))?
9
What is -3 + -12 + 14 + -15?
-16
Evaluate (-10 + 20 - 17) + 16.
9
13 - 14 - -14 - 0
13
Calculate 1 + (6 - 12) + (-14 - (-13 + -6)).
0
Evaluate 1 + -3 + 16 + -13 - (-14 + 13).
2
3 + 2 + (-2 - 3 - (27 + -14))
-13
-4 + -3 + 4 + (10 - (-1 - 1))
9
What is -8 + 0 + 2 - (8 - (-2 - -9))?
-7
60 + -68 + (0 - (2 + 0 - 24))
14
What is -9 + -8 + 21 + -9 - (10 - -3)?
-18
Evaluate 3 + -284 + 283 + (-1 - 1) + 22.
22
Evaluate 13 + -13 + -14 + 22.
8
Evaluate 35 + 1 + -32 + 14.
18
(13 - 10) + -2 + 3
4
67 - (-8 + 35 + 7)
33
Evaluate -1 + (2 - (0 + -6)) - -2 - 4.
5
What is the value of (-44 - -39) + 6 + (1 - -13)?
15
What is the value of 3 - (18 + 16 + -10 - (-3 - -9))?
-15
What is -9 - (-16 - -7) - ((-6 - -1) + -12)?
17
(36 - -9 - 47) + (-1 - 1)
-4
(-6 - (-4 - 8)) + (-7 - -2 - 21)
-20
-4 + ((28 - 30) + 7 + -1 - 7)
-7
9 - (6 + 2 + 8)
-7
-30 + 39 + 3 + -21
-9
What is the value of 26 - -9 - 17 - 49?
-31
(14 - (-14 - -32)) + -6 + 22
12
Evaluate (7 - (-8 - -13)) + -4 - (7 + 0).
-9
What is (20 - 2) + (84 - 92) + 6?
16
What is the value of 10 + -1 - (-9 - 8 - -13) - 2?
11
(11 - 0 - (51 + -27)) + -10
-23
Calculate 14 + -11 - 0 - (-2 + 5 + -3).
3
What is the value of (16 - 19) + 11 + 1 + -7?
2
(-95 + 87 - (-1 + -46)) + -11
28
Calculate 2 + 6 + (-12 - -8) + -4.
0
What is -45 + (28 - -19 - 27)?
-25
Calculate -10 + 3 + (13 - -2) + -11.
-3
Evaluate (1 - -13) + (6 + -25 - -16).
11
Evaluate -2 + 8 - ((-8 - 1) + 34).
-19
What is -20 - (32 - 76) - (3 + (-12 - -2))?
31
Evaluate -40 + 20 + -4 + 34.
10
What is -19 + 2 + (-2 + 2 - (3 - 10))?
-10
What is the value of 27 - -2 - (-15 + -24 + 42)?
26
Calculate -2 - (-16 + -5 + 7) - 7.
5
What is -19 - (-9 + (5 + -1 - 7) + 5)?
-12
Calculate (-8 - (2 + 8)) + 18.
0
Evaluate -5 - ((-1 - 2) + 35 + (11 - 35)).
-13
Evaluate -1 + 3 - (4 + (-4 + 3 - 14)).
13
What is 0 - 22 - (26 - 53)?
5
Calculate -16 + (15 - (8 + 3)) + -2.
-14
Calculate (0 + -12 - (84 + -86)) + 6.
-4
-11 + (33 - (30 - 12)) + 15
19
-25 - (2 + -13) - (-11 - -2)
-5
5 - 0 - (5 - (-13 + 3 - -7))
-3
Calculate (10 + -21 - -76) + -38.
27
What is (-1 - (0 + -3)) + (23 - 22)?
3
Calculate 17 - (-7 + 1 - -13).
10
Calculate -39 + 55 - (38 - (-4 + 5)).
-21
What is -22 - 1 - ((-26 - 17) + 37)?
-17
(-8 - -10) + 0 + 5 - -13
20
What is the value of 38 + -40 + 14 + (-4 - 1) - 3?
4
What is (-9 - 1) + (-16 - -25) - 12?
-13
Calculate (28 - (-23 + 47)) + (9 - -1).
14
Calculate 45 - -33 - 91 - (0 + -1 + 3).
-15
Evaluate 35 + -11 + 12 + -5 + -4.
27
Calculate 10 + -2 - (4 + -16 + 22).
-2
Evaluate (1 - 17) + -5 + 1 + 10.
-10
Calculate (-6 - 2) + 18 - (-17 + 9).
18
What is the value of 11 + 29 + -19 - 3?
18
What is 9 - (3 + 7) - (0 - 0) - -1?
0
What is 16 + -21 + (-2 - -8) - (0 + -7)?
8
-2 - 7 - (17 + -19) - -12 - 28
-23
Evaluate 40 - (34 - -14) - (-1 - 0).
-7
Calculate 0 + -4 - (54 + -24 - 40).
6
Evaluate -33 + (44 - (-25 - -56)).
-20
Calculate -7 + -18 + 16 + 0 + (-1 - -31).
21
What is -393 + 371 - (-2 - 3)?
-17
Calculate -8 + (-2 - -2) + -40 + 38.
-10
Evaluate (-6 - -5 - -17) + (0 + -1 - 4).
11
-22 + (-4 - (-1 + -10 + 6 - 6))
-15
Calculate (3 - (17 + -16)) + -6.
-4
What is 11 - (12 - (-22 - -19))?
-4
(103 - 101) + (-5 - (0 - -7))
-10
What is the value of (2 - 10) + (12 - 11) + 8?
1
Evaluate (4 - (-26 + 13 + 15)) + -2.
0
What is 6 - (8 + (-14 + 17 - (-2 - -10)))?
3
Evaluate (-1 + 5 - (-11 - -15)) + 2 + 13.
15
What is the value of (-4 + -3 + 4 - 15) + 8 + 0?
-10
(-9 - 13) + (-99 - -118)
-3
-5 + (1 - -2) + (-7 - (-8 + -2))
1
Evaluate -10 + 3 + 20 + (6 - 1).
18
What is -10 + (4 - (-5 - (-3 - 2) - -9))?
-15
What is -24 - (-52 - (-9 - 9))?
10
What is (-18 - (-7 - 2)) + -4?
-13
Evaluate (30 - (21 - -12)) + 4 + -1.
0
Calculate 0 + (-4 + 7 - (-8 - (-2 + -8))).
1
1 + (2 - (-1 - 4) - 3) + -3
2
Evaluate (-10 - 7) + 2 + (-1 - (-4 + 1)).
-13
Calculate -123 + 103 - (4 + -13 + 4).
-15
What is 317 + -297 - (-1 + 15)?
6
What is (-22 + 11 - -7) + (-5 - 0)?
-9
9 - (1 + (-2 - -2)) - (47 - 46)
7
What is the value of -11 + (13 - 11) + -1?
-10
0 - (-8 + 16 + -17) - -3
12
What is -73 + 81 + (2 - 3 - 0) + -30?
-23
What is -3 - ((11 - (11 + 9)) + (-16 - -6))?
16
Evaluate (4 - -3) + -2 + (-2 - 9) + 1.
-5
Calculate (-2 + -10 + 2 - -6) + -8 + -1.
-13
Calculate (2 - -7) + -9 + 11 + -6 + 5.
10
What is the value of (5 - 2) + -5 + (1 - 13 - 2)?
-16
Evaluate -12 - -7 - (-1 - 13).
9
What is -1 + ((-13 - -11) + -11 - -12)?
-2
What is the value of -2 - (1 + 12 + -2) - (-1 - 4)?
-8
Calculate 28 - (38 + -9 - 26).
25
0 + -6 + (-4 - (0 + 0))
-10
9 - (-6 - -6 - -5)
4
What is -1 + -7 - (6 + 3 + 3)?
-20
(1 - -4) + 3 + -3
5
Calculate 8 + 18 + (-7 - 4).
15
What is the value of -1 + 1 + 18 + (1 - (10 + -5))?
14
Calculate -2 + -4 - (7 - (0 + (-10 - -47))).
24
What is the value of 212 + -255 - (-1 + -31)?
-11
What is the value of -7 + 0 + 5 + (14 - 3) + -13?
-4
What is the value of -16 + 27 + (5 - 6)?
10
Evaluate -29 + 46 + -5 + -15.
-3
What is the value of -3 + 20 + -9 - (-3 + 20)?
-9
1 + (38 - 25 - 10)
4
What is -43 - (1 - 5) - (-323 - -312)?
-28
What is -1 - -7 - (15 - (-3 - -3))?
-9
What is 1 + -1 - (50 + -50) - 20?
-20
180 + -176 + -2 + 19
21
What is (2 - 8) + 7 + 10?
11
What is 22 - (-11 - (-6 - (0 + 1))) - 0?
26
Evaluate 0 + 3 + -17 + 20.
6
Calculate (-12 - -3) + (-40 - -35 - (2 - 46)).
30
40 + -26 - (22 + -7)
-1
Evaluate -37 - (1 + -22) - (1 - -4 - 2).
-19
What is -6 - 1 - ((0 - 16) + -308 + 319)?
-2
What is 35 + -24 - 30 - -18 - (1 + -38)?
36
Calculate 18 + (-5 - 6) - (-2 + -10).
19
What is -9 + 6 + (-25 - (-19 - -10))?
-19
Calculate 34 + (31 + -13 - (15 - -9)).
28
What is (-13 + 2 - (8 + -13)) + -5?
-11
What is the value of 6 + (8 + -17 - 12 - (0 - -1))?
-16
Evaluate -1 - -10 - (-16 + 30 - -4).
-9
Evaluate 43 + (32 - (38 + 13)).
24
What is the value of -54 + 77 + -50 - (1 + 0 + -1)?
-27
Calculate 0 + (-5 + (-1 - -3) - -11) - 1.
7
Evaluate -25 + 17 - (-5 - -1).
-4
What is the value of -10 + (-12 - (-2 - 6)) + 20?
6
Calculate -2 + -34 + 17 + 37.
18
What is the value of -2 + 3 - (148 + -133)?
-14
(-34 - (17 - 51)) + (-6 - -1)
-5
What is -29 + -4 - (-148 - -86)?
29
What is the value of 8 - (-5 - (17 - 11) - -1)?
18
-2 + (-5 - (8 + -12 + -12)) + -14
-5
What is the value of (2 - -10) + -13 + 5 + -3?
1
What is the value of (6 + -6 - -36) + -11 + -8?
17
Calculate 14 - (7 - 4) - 7 - (1 - 1).
4
Calculate -22 + (-20 - (0 - 22)).
-20
Evaluate -24 - (-5 - (37 + -8)).
10
What is the value of (10 - (-2 - 3 - 3)) + -8?
10
What is -6 + (28 - 4 - -7) - (9 + -11)?
27
Calculate -7 + (-11 - -20) + 6.
8
(1 - 7) + 15 + (4 - 21)
-8
Calculate 22 + -8 + 12 + -22.
4
(9 - (16 + -3 + -2)) + -2 + 20
16
What is 23 + (-46 + 38 - 15)?
0
11 + (-24 - -10) + -3 - (4 - 21)
11
Evaluate -9 + -18 + 18 + -4.
-13
Calculate (-4 - -14 - (16 + -1 + -5)) + 0.
0
Evaluate 4 + -1 + -13 - (-2 + 14 + -11).
-11
Evaluate -351 + 346 + -1 + -3.
-9
Evaluate 9 - (10 + (-3 - 7)).
9
What is 17 - (17 + -20) - (-18 - -9)?
29
Calculate 6 - (-1 - -13 - (-6 - -18)).
6
Calculate (-84 - -109) + -19 + -2.
4
What is 134 + -137 + 0 + -7 + 37?
27
Calculate -2 + 2 + (17 - 24) + -14.
-21
What is (15 - (-3 - 0)) + -8?
10
Evaluate 102 - 90 - (18 - 1).
-5
(48 - 2) + (0 - (6 + 14))
26
What is (-10 - -7 - 5) + 4 + 1 + -8?
-11
What is -13 + 4 + (17 + -16 + 12 - -20)?
24
Evaluate (-23 - 2) + (182 - 160).
-3
What is 3 + 2 + (-36 + 10 + 11 - -6)?
-4
Evaluate (-7 - (1 + -2)) + 489 + -461.
22
Evaluate -7 + -4 + 3 - (-19 - (12 - 9)).
14
8 + -3 - ((17 - 9) + 10)
-13
What is the value of -4 - (17 - 46 - (-2 + 6 + -1))?
28
What is -4 - (1 + (1 + -4 - (17 - 13)))?
2
What is the value of 5 - (-14 + 33 + -12)?
-2
Calculate 2 + 4 - (2 + 2) - -14.
16
Calculate -2 + 2 - (13 + -22).
9
What is 3 + 16 + -8 + (3 - 1)?
13
18 - ((-23 - -3) + 48)
-10
Evaluate -343 - -350 - (10 + -4 + 2).
-1
Calculate -28 + 33 + -15 - (-21 - -1).
10
What is the value of 5 + (-3 + -1 - (42 - 38)) + -1?
-4
What is -1 + 8 - -1 - (-1546 + 1550)?
4
-10 + -7 + (43 -